{"id":4684,"date":"2024-09-30T18:19:24","date_gmt":"2024-09-30T18:19:24","guid":{"rendered":"https:\/\/rimaayakkabi.com\/v1\/?page_id=4684"},"modified":"2024-12-06T09:43:24","modified_gmt":"2024-12-06T09:43:24","slug":"anasayfa","status":"publish","type":"page","link":"https:\/\/rimaayakkabi.com\/v1\/","title":{"rendered":"Anasayfa"},"content":{"rendered":"\t\t<div data-elementor-type=\"wp-page\" data-elementor-id=\"4684\" class=\"elementor elementor-4684\">\n\t\t\t\t\t\t<section class=\"elementor-section elementor-top-section elementor-element elementor-element-4eee69c elementor-section-full_width elementor-section-height-default elementor-section-height-default\" data-id=\"4eee69c\" data-element_type=\"section\">\n\t\t\t\t\t\t<div class=\"elementor-container elementor-column-gap-no\">\n\t\t\t\t\t<div class=\"elementor-column elementor-col-100 elementor-top-column elementor-element elementor-element-fceaac7\" data-id=\"fceaac7\" data-element_type=\"column\">\n\t\t\t<div class=\"elementor-widget-wrap elementor-element-populated\">\n\t\t\t\t\n\t\t<div class=\"elementor-element elementor-element-afca243 elementor-widget elementor-widget-drillerbanner\" data-id=\"afca243\" data-element_type=\"widget\" data-widget_type=\"drillerbanner.default\">\n\t\t\t\t<div class=\"elementor-widget-container\">\n\t\t\t<div class=\"th-hero-wrapper hero-8\"><div class=\"hero-slider-8 th-carousel\" data-fade=\"true\" data-slide-show=\"1\" data-md-slide-show=\"1\" data-adaptive-height=\"true\"><div class=\"th-hero-slide\"><div class=\"container\"><div class=\"hero-style8\"><span class=\"hero-subtitle\" data-ani=\"slideinleft\" data-ani-delay=\"0.1s\"># Rima Ayakkab\u0131<\/span><h1 class=\"hero-title\" data-ani=\"slideindown\" data-ani-delay=\"0.3s\">Siz Hayal Edin <\/h1><h1 class=\"hero-title\" data-ani=\"slideindown\" data-ani-delay=\"0.5s\">Biz \u00dcretelim<\/h1><p class=\"hero-text\" data-ani=\"slideindown\" data-ani-delay=\"0.6s\">Siz Hayal edin Biz \u00dcretelim Hayalinizdeki \u015e\u0131kl\u0131\u011f\u0131n ve Konforun Adresi.<\/p><div class=\"btn-group\" data-ani=\"slideinleft\" data-ani-delay=\"0.7s\"><\/div><\/div><\/div><div class=\"hero-img\"><img decoding=\"async\" src=\"https:\/\/rimaayakkabi.com\/v1\/wp-content\/uploads\/2024\/12\/8.jpg\" alt=\"8\"  \/><button data-slick-next=\".hero-slider-8\" class=\"icon-btn\"><i class=\"far fa-long-arrow-right\"><\/i><\/button><\/div><\/div><div class=\"th-hero-slide\"><div class=\"container\"><div class=\"hero-style8\"><span class=\"hero-subtitle\" data-ani=\"slideinleft\" data-ani-delay=\"0.1s\"># Rima Ayakkab\u0131<\/span><h1 class=\"hero-title\" data-ani=\"slideindown\" data-ani-delay=\"0.3s\">Y\u0131llar\u0131n Verdi\u011fi Deneyim<\/h1><h1 class=\"hero-title\" data-ani=\"slideindown\" data-ani-delay=\"0.5s\">Kalite ve G\u00fcven<\/h1><p class=\"hero-text\" data-ani=\"slideindown\" data-ani-delay=\"0.6s\">Y\u0131llard\u0131r buldundu\u011fumuz sektor de sizlere daha kaliteli daha iyi bir hizmet anlay\u0131\u015f\u0131 ile \u00e7al\u0131\u015fmaktay\u0131z.<\/p><div class=\"btn-group\" data-ani=\"slideinleft\" data-ani-delay=\"0.7s\"><\/div><\/div><\/div><div class=\"hero-img\"><img decoding=\"async\" src=\"https:\/\/rimaayakkabi.com\/v1\/wp-content\/uploads\/2024\/12\/12.jpg\" alt=\"12\"  \/><button data-slick-next=\".hero-slider-8\" class=\"icon-btn\"><i class=\"far fa-long-arrow-right\"><\/i><\/button><\/div><\/div><\/div> <\/div>\t\t<\/div>\n\t\t\t\t<\/div>\n\t\t\t\t\t<\/div>\n\t\t<\/div>\n\t\t\t\t\t<\/div>\n\t\t<\/section>\n\t\t\t\t<section class=\"elementor-section elementor-top-section elementor-element elementor-element-80fd472 elementor-section-full_width elementor-section-height-default elementor-section-height-default\" data-id=\"80fd472\" data-element_type=\"section\">\n\t\t\t\t\t\t<div class=\"elementor-container elementor-column-gap-no\">\n\t\t\t\t\t<div class=\"elementor-column elementor-col-100 elementor-top-column elementor-element elementor-element-d23ed95\" data-id=\"d23ed95\" data-element_type=\"column\">\n\t\t\t<div class=\"elementor-widget-wrap elementor-element-populated\">\n\t\t\t\t\t\t<section class=\"elementor-section elementor-inner-section elementor-element elementor-element-cfe885f elementor-section-boxed elementor-section-height-default elementor-section-height-default\" data-id=\"cfe885f\" data-element_type=\"section\">\n\t\t\t\t\t\t<div class=\"elementor-container elementor-column-gap-no\">\n\t\t\t\t\t<div class=\"elementor-column elementor-col-100 elementor-inner-column elementor-element elementor-element-eb9b883\" data-id=\"eb9b883\" data-element_type=\"column\">\n\t\t\t<div class=\"elementor-widget-wrap elementor-element-populated\">\n\t\t\t\t\t\t<div class=\"elementor-element elementor-element-6bc29a9 elementor-widget elementor-widget-drillersectiontitle\" data-id=\"6bc29a9\" data-element_type=\"widget\" data-widget_type=\"drillersectiontitle.default\">\n\t\t\t\t<div class=\"elementor-widget-container\">\n\t\t\t<div class=\"title-area\" ><div class=\"shadow-title\">Rima Ayakkab\u0131<\/div><span class=\"sub-title6 title-selector justify-content-center\"><span class=\"shape left\"><span class=\"dots\"><\/span><\/span><span class=\"box\"><\/span> Rima Ayakkab\u0131<span class=\"shape right\"><span class=\"dots\"><\/span><\/span><\/span><h2 class=\"sec-title subtitle-selector\">Hizmetlerimiz<\/h2><\/div>\t\t<\/div>\n\t\t\t\t<\/div>\n\t\t\t\t\t<\/div>\n\t\t<\/div>\n\t\t\t\t\t<\/div>\n\t\t<\/section>\n\t\t\t\t<section class=\"elementor-section elementor-inner-section elementor-element elementor-element-f778c2d elementor-section-full_width elementor-section-height-default elementor-section-height-default\" data-id=\"f778c2d\" data-element_type=\"section\">\n\t\t\t\t\t\t<div class=\"elementor-container elementor-column-gap-default\">\n\t\t\t\t\t<div class=\"elementor-column elementor-col-100 elementor-inner-column elementor-element elementor-element-c801f44\" data-id=\"c801f44\" data-element_type=\"column\">\n\t\t\t<div class=\"elementor-widget-wrap elementor-element-populated\">\n\t\t\t\t\t\t<div class=\"elementor-element elementor-element-c92931e elementor-widget elementor-widget-drillerproject\" data-id=\"c92931e\" data-element_type=\"widget\" data-widget_type=\"drillerproject.default\">\n\t\t\t\t<div class=\"elementor-widget-container\">\n\t\t\t<div class=\"th-container5\"><div class=\"row slider-shadow project-carousel5\" id=\"projectSlide4\"><div class=\"col-md-6 col-lg-4\"><div class=\"project-block\"><div class=\"project-img\"><img decoding=\"async\" src=\"https:\/\/rimaayakkabi.com\/v1\/wp-content\/uploads\/2024\/12\/2.jpg\" alt=\"2\"  \/><\/div><div class=\"project-content\"><div class=\"media-body\"><p class=\"project-subtitle\">Fason Ayakkab\u0131 \u0130malat\u0131<\/p><h3 class=\"project-title\"><a href=\"https:\/\/rimaayakkabi.com\/v1\/fason-ayakkabi-imalati\/\">Rima Ayakkab\u0131<\/a><\/h3><\/div><a href=\"https:\/\/rimaayakkabi.com\/v1\/fason-ayakkabi-imalati\/\" class=\"project-icon\"><i class=\"far fa-plus\"><\/i><\/a><\/div><\/div><\/div><div class=\"col-md-6 col-lg-4\"><div class=\"project-block\"><div class=\"project-img\"><img decoding=\"async\" src=\"https:\/\/rimaayakkabi.com\/v1\/wp-content\/uploads\/2024\/12\/8.jpg\" alt=\"8\"  \/><\/div><div class=\"project-content\"><div class=\"media-body\"><p class=\"project-subtitle\">Fason Spor Ayakkab\u0131 \u0130malat\u0131<\/p><h3 class=\"project-title\"><a href=\"https:\/\/rimaayakkabi.com\/v1\/fason-spor-ayakkabi-imalati\/\">Rima Ayakkab\u0131<\/a><\/h3><\/div><a href=\"https:\/\/rimaayakkabi.com\/v1\/fason-spor-ayakkabi-imalati\/\" class=\"project-icon\"><i class=\"far fa-plus\"><\/i><\/a><\/div><\/div><\/div><div class=\"col-md-6 col-lg-4\"><div class=\"project-block\"><div class=\"project-img\"><img decoding=\"async\" src=\"https:\/\/rimaayakkabi.com\/v1\/wp-content\/uploads\/2024\/12\/4.jpg\" alt=\"4\"  \/><\/div><div class=\"project-content\"><div class=\"media-body\"><p class=\"project-subtitle\">Fason \u0130\u015f Ayakkab\u0131s\u0131 \u0130malat\u0131<\/p><h3 class=\"project-title\"><a href=\"https:\/\/rimaayakkabi.com\/v1\/fason-is-ayakkabisi-imalati\/\">Rima Ayakkab\u0131<\/a><\/h3><\/div><a href=\"https:\/\/rimaayakkabi.com\/v1\/fason-is-ayakkabisi-imalati\/\" class=\"project-icon\"><i class=\"far fa-plus\"><\/i><\/a><\/div><\/div><\/div><div class=\"col-md-6 col-lg-4\"><div class=\"project-block\"><div class=\"project-img\"><img decoding=\"async\" src=\"https:\/\/rimaayakkabi.com\/v1\/wp-content\/uploads\/2024\/12\/10.jpg\" alt=\"10\"  \/><\/div><div class=\"project-content\"><div class=\"media-body\"><p class=\"project-subtitle\">Fason Bot Deri Ayakkab\u0131 \u0130malat\u0131<\/p><h3 class=\"project-title\"><a href=\"https:\/\/rimaayakkabi.com\/v1\/fason-bot-deri-ayakkabi-imalati\/\">Rima Ayakkab\u0131<\/a><\/h3><\/div><a href=\"https:\/\/rimaayakkabi.com\/v1\/fason-bot-deri-ayakkabi-imalati\/\" class=\"project-icon\"><i class=\"far fa-plus\"><\/i><\/a><\/div><\/div><\/div><\/div><\/div>\t\t<\/div>\n\t\t\t\t<\/div>\n\t\t\t\t\t<\/div>\n\t\t<\/div>\n\t\t\t\t\t<\/div>\n\t\t<\/section>\n\t\t\t\t\t<\/div>\n\t\t<\/div>\n\t\t\t\t\t<\/div>\n\t\t<\/section>\n\t\t\t\t<section class=\"elementor-section elementor-top-section elementor-element elementor-element-415eafb elementor-section-boxed elementor-section-height-default elementor-section-height-default\" data-id=\"415eafb\" data-element_type=\"section\">\n\t\t\t\t\t\t<div class=\"elementor-container elementor-column-gap-default\">\n\t\t\t\t\t<div class=\"elementor-column elementor-col-100 elementor-top-column elementor-element elementor-element-cbbfff7\" data-id=\"cbbfff7\" data-element_type=\"column\">\n\t\t\t<div class=\"elementor-widget-wrap elementor-element-populated\">\n\t\t\t\t\t\t<section class=\"elementor-section elementor-inner-section elementor-element elementor-element-e0a5169 elementor-section-boxed elementor-section-height-default elementor-section-height-default\" data-id=\"e0a5169\" data-element_type=\"section\">\n\t\t\t\t\t\t<div class=\"elementor-container elementor-column-gap-no\">\n\t\t\t\t\t<div class=\"elementor-column elementor-col-100 elementor-inner-column elementor-element elementor-element-51c26e9\" data-id=\"51c26e9\" data-element_type=\"column\">\n\t\t\t<div class=\"elementor-widget-wrap elementor-element-populated\">\n\t\t\t\t\t\t<div class=\"elementor-element elementor-element-3c169f1 elementor-widget elementor-widget-drillersectiontitle\" data-id=\"3c169f1\" data-element_type=\"widget\" data-widget_type=\"drillersectiontitle.default\">\n\t\t\t\t<div class=\"elementor-widget-container\">\n\t\t\t<div class=\"title-area\" ><div class=\"shadow-title\">Rima Ayakkab\u0131<\/div><span class=\"sub-title6 title-selector justify-content-center\"><span class=\"shape left\"><span class=\"dots\"><\/span><\/span><span class=\"box\"><\/span>Siz Hayal Edin<span class=\"shape right\"><span class=\"dots\"><\/span><\/span><\/span><h2 class=\"sec-title subtitle-selector\">Biz Tasarlayal\u0131m !!!<\/h2><\/div>\t\t<\/div>\n\t\t\t\t<\/div>\n\t\t\t\t\t<\/div>\n\t\t<\/div>\n\t\t\t\t\t<\/div>\n\t\t<\/section>\n\t\t\t\t<section class=\"elementor-section elementor-inner-section elementor-element elementor-element-01b3801 elementor-section-boxed elementor-section-height-default elementor-section-height-default\" data-id=\"01b3801\" data-element_type=\"section\">\n\t\t\t\t\t\t<div class=\"elementor-container elementor-column-gap-no\">\n\t\t\t\t\t<div class=\"elementor-column elementor-col-50 elementor-inner-column elementor-element elementor-element-6dfbeac\" data-id=\"6dfbeac\" data-element_type=\"column\">\n\t\t\t<div class=\"elementor-widget-wrap elementor-element-populated\">\n\t\t\t\t\t\t<div class=\"elementor-element elementor-element-9fa069e elementor-widget elementor-widget-drillersectiontitle\" data-id=\"9fa069e\" data-element_type=\"widget\" data-widget_type=\"drillersectiontitle.default\">\n\t\t\t\t<div class=\"elementor-widget-container\">\n\t\t\t<div class=\"title-area\" ><span class=\"sub-title7 title-selector justify-content-center\"><span class=\"shape left\"><span class=\"dots\"><\/span><\/span><span class=\"box\"><\/span>Rima Ayakkab\u0131<span class=\"shape right\"><span class=\"dots\"><\/span><\/span><\/span><h2 class=\"sec-title subtitle-selector\">Yerli \u00dcretim<\/h2><p>Uzun y\u0131llardan beri T\u00fcrkiye\u2019de toptanc\u0131l\u0131k \u00fczerine faaliyetlerini devam ettiren \u015firketimiz, online toptan al\u0131\u015fveri\u015fin en g\u00fc\u00e7l\u00fc ismi olma yolunda ad\u0131mlar atm\u0131\u015ft\u0131r. <\/p><\/div>\t\t<\/div>\n\t\t\t\t<\/div>\n\t\t\t\t<div class=\"elementor-element elementor-element-90da46c elementor-widget elementor-widget-drillercounterup\" data-id=\"90da46c\" data-element_type=\"widget\" data-widget_type=\"drillercounterup.default\">\n\t\t\t\t<div class=\"elementor-widget-container\">\n\t\t\t<div class=\"achive-counter-wrap\"><div class=\"achive-counter\"><div class=\"achive-counter_icon\"><img decoding=\"async\" src=\"https:\/\/themeholy.com\/wordpress\/konta\/wp-content\/uploads\/2023\/10\/achive_1_4.svg\" alt=\"achive_1_4\"  \/><\/div><h3 class=\"achive-counter_number\"><span class=\"counter-number\">100<\/span>%<\/h3><p class=\"achive-counter_text\">Deri Malzemeden \u00dcretim<\/p><\/div><div class=\"achive-counter\"><div class=\"achive-counter_icon\"><img decoding=\"async\" src=\"https:\/\/themeholy.com\/wordpress\/konta\/wp-content\/uploads\/2023\/10\/achive_1_4.svg\" alt=\"achive_1_4\"  \/><\/div><h3 class=\"achive-counter_number\"><span class=\"counter-number\">100<\/span>%<\/h3><p class=\"achive-counter_text\">Do\u011fal Malzeme<\/p><\/div><div class=\"achive-counter\"><div class=\"achive-counter_icon\"><img decoding=\"async\" src=\"https:\/\/themeholy.com\/wordpress\/konta\/wp-content\/uploads\/2023\/10\/achive_1_4.svg\" alt=\"achive_1_4\"  \/><\/div><h3 class=\"achive-counter_number\"><span class=\"counter-number\">100<\/span>%<\/h3><p class=\"achive-counter_text\">\u0130\u015f\u00e7ilik<\/p><\/div><div class=\"achive-counter\"><div class=\"achive-counter_icon\"><img decoding=\"async\" src=\"https:\/\/themeholy.com\/wordpress\/konta\/wp-content\/uploads\/2023\/10\/achive_1_4.svg\" alt=\"achive_1_4\"  \/><\/div><h3 class=\"achive-counter_number\"><span class=\"counter-number\">100<\/span>%<\/h3><p class=\"achive-counter_text\">Kalite<\/p><\/div><\/div>\t\t<\/div>\n\t\t\t\t<\/div>\n\t\t\t\t\t<\/div>\n\t\t<\/div>\n\t\t\t\t<div class=\"elementor-column elementor-col-50 elementor-inner-column elementor-element elementor-element-b496c77\" data-id=\"b496c77\" data-element_type=\"column\">\n\t\t\t<div class=\"elementor-widget-wrap elementor-element-populated\">\n\t\t\t\t\t\t<div class=\"elementor-element elementor-element-2b12361 elementor-invisible elementor-widget elementor-widget-image\" data-id=\"2b12361\" data-element_type=\"widget\" data-settings=\"{&quot;_animation&quot;:&quot;bounceInRight&quot;}\" data-widget_type=\"image.default\">\n\t\t\t\t<div class=\"elementor-widget-container\">\n\t\t\t\t\t\t\t\t\t\t\t\t\t<img fetchpriority=\"high\" decoding=\"async\" width=\"900\" height=\"900\" src=\"https:\/\/rimaayakkabi.com\/v1\/wp-content\/uploads\/2023\/10\/t2.jpg\" class=\"attachment-full size-full wp-image-4821\" alt=\"\" srcset=\"https:\/\/rimaayakkabi.com\/v1\/wp-content\/uploads\/2023\/10\/t2.jpg 900w, https:\/\/rimaayakkabi.com\/v1\/wp-content\/uploads\/2023\/10\/t2-300x300.jpg 300w, https:\/\/rimaayakkabi.com\/v1\/wp-content\/uploads\/2023\/10\/t2-150x150.jpg 150w, https:\/\/rimaayakkabi.com\/v1\/wp-content\/uploads\/2023\/10\/t2-768x768.jpg 768w, https:\/\/rimaayakkabi.com\/v1\/wp-content\/uploads\/2023\/10\/t2-85x85.jpg 85w, https:\/\/rimaayakkabi.com\/v1\/wp-content\/uploads\/2023\/10\/t2-600x600.jpg 600w, https:\/\/rimaayakkabi.com\/v1\/wp-content\/uploads\/2023\/10\/t2-100x100.jpg 100w, https:\/\/rimaayakkabi.com\/v1\/wp-content\/uploads\/2023\/10\/t2-460x460.jpg 460w\" sizes=\"(max-width: 900px) 100vw, 900px\" \/>\t\t\t\t\t\t\t\t\t\t\t\t\t<\/div>\n\t\t\t\t<\/div>\n\t\t\t\t\t<\/div>\n\t\t<\/div>\n\t\t\t\t\t<\/div>\n\t\t<\/section>\n\t\t\t\t\t<\/div>\n\t\t<\/div>\n\t\t\t\t\t<\/div>\n\t\t<\/section>\n\t\t\t\t<\/div>\n\t\t","protected":false},"excerpt":{"rendered":"<p># Rima Ayakkab\u0131 Siz Hayal Edin Biz \u00dcretelim Siz Hayal edin Biz \u00dcretelim Hayalinizdeki \u015e\u0131kl\u0131\u011f\u0131n ve Konforun Adresi. # Rima Ayakkab\u0131 Y\u0131llar\u0131n Verdi\u011fi Deneyim Kalite ve G\u00fcven Y\u0131llard\u0131r buldundu\u011fumuz sektor de sizlere daha kaliteli daha iyi bir hizmet anlay\u0131\u015f\u0131 ile \u00e7al\u0131\u015fmaktay\u0131z. Rima Ayakkab\u0131 Rima Ayakkab\u0131 Hizmetlerimiz Fason Ayakkab\u0131 \u0130malat\u0131 Rima Ayakkab\u0131 Fason Spor Ayakkab\u0131 \u0130malat\u0131&#8230;<\/p>\n","protected":false},"author":1,"featured_media":0,"parent":0,"menu_order":0,"comment_status":"closed","ping_status":"closed","template":"template-builder.php","meta":{"footnotes":""},"class_list":["post-4684","page","type-page","status-publish","hentry"],"_links":{"self":[{"href":"https:\/\/rimaayakkabi.com\/v1\/wp-json\/wp\/v2\/pages\/4684","targetHints":{"allow":["GET"]}}],"collection":[{"href":"https:\/\/rimaayakkabi.com\/v1\/wp-json\/wp\/v2\/pages"}],"about":[{"href":"https:\/\/rimaayakkabi.com\/v1\/wp-json\/wp\/v2\/types\/page"}],"author":[{"embeddable":true,"href":"https:\/\/rimaayakkabi.com\/v1\/wp-json\/wp\/v2\/users\/1"}],"replies":[{"embeddable":true,"href":"https:\/\/rimaayakkabi.com\/v1\/wp-json\/wp\/v2\/comments?post=4684"}],"version-history":[{"count":232,"href":"https:\/\/rimaayakkabi.com\/v1\/wp-json\/wp\/v2\/pages\/4684\/revisions"}],"predecessor-version":[{"id":5157,"href":"https:\/\/rimaayakkabi.com\/v1\/wp-json\/wp\/v2\/pages\/4684\/revisions\/5157"}],"wp:attachment":[{"href":"https:\/\/rimaayakkabi.com\/v1\/wp-json\/wp\/v2\/media?parent=4684"}],"curies":[{"name":"wp","href":"https:\/\/api.w.org\/{rel}","templated":true}]}}